2) to base 2
10
Convert 14 (base 15) to base 6.
31
Convert 411 (base 5) to base 14.
78
What is c (base 16) in base 11?
11
244 (base 7) to base 6
334
20 (base 12) to base 14
1a
Convert -3 (base 16) to base 13.
-3
20 (base 11) to base 15
17
What is 11 (base 6) in base 12?
7
What is 22201 (base 3) in base 14?
12b
Convert 1 (base 8) to base 14.
1
Convert 21 (base 4) to base 16.
9
Convert 531 (base 7) to base 11.
223
-d7 (base 16) to base 5
-1330
-20 (base 3) to base 6
-10
Convert 0 (base 2) to base 7.
0
Convert 136 (base 10) to base 2.
10001000
What is -15 (base 9) in base 5?
-24
What is 0 (base 4) in base 11?
0
-8 (base 12) to base 8
-10
111 (base 8) to base 12
61
11 (base 2) to base 13
3
2 (base 7) to base 13
2
Convert 0 (base 4) to base 5.
0
0 (base 4) to base 10
0
What is -1 (base 14) in base 6?
-1
-7 (base 8) to base 2
-111
53 (base 7) to base 12
32
3 (base 5) to base 10
3
Convert 89 (base 11) to base 16.
61
What is 0 (base 16) in base 10?
0
What is -4 (base 11) in base 5?
-4
c0 (base 13) to base 10
156
Convert -3a (base 12) to base 6.
-114
Convert -2 (base 16) to base 12.
-2
What is 85 (base 16) in base 10?
133
-c1 (base 16) to base 2
-11000001
What is -1330 (base 4) in base 3?
-11121
0 (base 3) to base 7
0
44 (base 8) to base 3
1100
Convert 56 (base 10) to base 8.
70
-3 (base 13) to base 12
-3
Convert -81 (base 9) to base 4.
-1021
-1 (base 8) to base 3
-1
Convert 0 (base 6) to base 9.
0
Convert -10 (base 2) to base 4.
-2
Convert -24 (base 12) to base 11.
-26
What is 101 (base 2) in base 10?
5
-2c (base 13) to base 11
-35
What is 34 (base 11) in base 8?
45
What is a (base 11) in base 9?
11
What is 31 (base 9) in base 6?
44
What is -110 (base 2) in base 5?
-11
What is -1241 (base 6) in base 12?
-221
3 (base 16) to base 2
11
0 (base 12) to base 15
0
Convert 104 (base 6) to base 3.
1111
What is 130 (base 4) in base 9?
31
-11 (base 6) to base 7
-10
Convert -10 (base 8) to base 5.
-13
Convert -1 (base 7) to base 3.
-1
What is 4 (base 7) in base 16?
4
Convert 5 (base 10) to base 6.
5
Convert -323 (base 5) to base 12.
-74
Convert -1100 (base 2) to base 10.
-12
265 (base 7) to base 15
9a
Convert -e (base 15) to base 2.
-1110
Convert -50 (base 12) to base 16.
-3c
What is -4 (base 11) in base 10?
-4
What is 402 (base 5) in base 6?
250
Convert -35 (base 15) to base 10.
-50
What is 166 (base 11) in base 16?
c1
Convert -17 (base 9) to base 15.
-11
What is 6 (base 14) in base 10?
6
What is -7 (base 11) in base 8?
-7
Convert 0 (base 7) to base 2.
0
What is 1000001 (base 2) in base 15?
45
What is -22 (base 4) in base 3?
-101
What is -6 (base 12) in base 3?
-20
What is 1051 (base 6) in base 7?
502
Convert 54 (base 8) to base 2.
101100
-2e (base 15) to base 6
-112
Convert 9 (base 12) to base 11.
9
Convert 5 (base 12) to base 13.
5
-5 (base 11) to base 13
-5
What is -5 (base 10) in base 16?
-5
What is 211 (base 3) in base 12?
1a
Convert -3 (base 11) to base 14.
-3
Convert -4 (base 16) to base 14.
-4
What is 22 (base 14) in base 15?
20
What is 201 (base 7) in base 4?
1203
Convert 0 (base 4) to base 5.
0
Convert -1 (base 14) to base 8.
-1
What is 22 (base 4) in base 14?
a
What is 44 (base 8) in base 10?
36
What is 3 (base 13) in base 9?
3
Convert 3 (base 10) to base 8.
3
What is 6 (base 12) in base 11?
6
What is -53 (base 7) in base 3?
-1102
303 (base 4) to base 15
36
Convert 48 (base 13) to base 6.
140
Convert -2 (base 12) to base 3.
-2
12 (base 3) to base 5
10
What is -14 (base 16) in base 6?
-32
0 (base 12) to base 9
0
bb (base 13) to base 8
232
-36 (base 11) to base 10
-39
What is 2 (base 8) in base 16?
2
What is 3 (base 7) in base 3?
10
Convert -44 (base 10) to base 12.
-38
What is 0 (base 7) in base 10?
0
-201 (base 5) to base 10
-51
What is 58 (base 14) in base 11?
71
Convert 0 (base 11) to base 13.
0
Convert -131 (base 4) to base 2.
-11101
24 (base 7) to base 3
200
What is 0 (base 8) in base 12?
0
-13 (base 5) to base 2
-1000
What is -10 (base 2) in base 5?
-2
What is 96 (base 16) in base 14?
aa
Convert -11 (base 7) to base 13.
-8
What is 23 (base 6) in base 16?
f
-3d (base 15) to base 16
-3a
-3 (base 4) to base 7
-3
-5 (base 11) to base 7
-5
7 (base 9) to base 2
111
What is -5 (base 7) in base 11?
-5
2 (base 15) to base 4
2
-5 (base 16) to base 9
-5
What is -1000 (base 2) in base 15?
-8
What is -11100 (base 2) in base 5?
-103
What is 434 (base 5) in base 6?
315
What is -1a (base 11) in base 13?
-18
What is 0 (base 10) in base 15?
0
What is -3111 (base 4) in base 10?
-213
What is 1110 (base 2) in base 11?
13
0 (base 13) to base 10
0
-20 (base 5) to base 12
-a
What is -12 (base 16) in base 8?
-22
15 (base 10) to base 7
21
Convert d (base 16) to base 10.
13
What is e1 (base 16) in base 6?
1013
8 (base 16) to base 9
8
What is -19 (base 12) in base 10?
-21
What is 0 (base 15) in base 5?
0
Convert 55 (base 14) to base 8.
113
What is -7 (base 12) in base 15?
-7
What is 347 (base 9) in base 4?
10132
What is -31 (base 6) in base 11?
-18
What is 40 (base 13) in base 6?
124
Convert 145 (base 6) to base 8.
101
What is -11 (base 7) in base 6?
-12
What is -211 (base 5) in base 9?
-62
What is 277 (base 10) in base 8?
425
What is 20 (base 16) in base 11?
2a
What is -100 (base 2) in base 12?
-4
What is -7 (base 16) in base 2?
-111
What is -12 (base 8) in base 13?
-a
What is d (base 14) in base 13?
10
Convert 2 (base 16) to base 12.
2
What is 235 (base 13) in base 15?
1a7
What is 2 (base 5) in base 12?
2
What is -21 (base 10) in base 13?
-18
62 (base 12) to base 3
2202
Convert -11100 (base 2) to base 5.
-103
Convert 16b (base 13) to base 15.
123
What is -1212 (base 5) in base 10?
-182
What is -2 (base 10) in base 13?
-2
What is -3 (base 8) in base 2?
-11
What is 29 (base 14) in base 12?
31
Convert -224 (base 9) to base 3.
-20211
Convert 100011 (base 2) to base 16.
23
What is -63 (base 12) in base 9?
-83
What is -60 (base 10) in base 12?
-50
Convert -223 (base 9) to base 5.
-1213
What is 13 (base 4) in base 5?
12
Convert -57 (base 10) to base 3.
-2010
What is -95 (base 13) in base 14?
-8a
67 (base 14) to base 8
133
What is -40 (base 5) in base 13?
-17
Convert -1 (base 2) to base 15.
-1
Convert 11010 (base 2) to base 16.
1a
-24 (base 14) to base 13
-26
Convert -1122 (base 4) to base 13.
-6c
Convert 2 (base 6) to base 14.
2
What is -1 (base 14) in base 11?
-1
-1 (base 13) to base 4
-1
-3 (base 6) to base 15
-3
What is 13 (base 13) in base 10?
16
1011 (base 2) to base 15
b
Convert 0 (base 12) to base 8.
0
What is -10 (base 13) in base 4?
-31
Convert 10 (base 8) to base 4.
20
-3 (base 6) to base 5
-3
What is 0 (base 3) in base 7?
0
-1100000 (base 2) to base 9
-116
What is 67 (base 8) in base 10?
55
-1002 (base 3) to base 8
-35
Convert 0 (base 5) to base 7.
0
Convert 13 (base 15) to base 8.
22
Convert -6 (base 11) to base 16.
-6
What is -22 (base 10) in base 6?
-34
Convert -14 (base 9) to base 3.
-111
Convert 10 (base 4) to base 14.
4
102 (base 4) to base 9
20
What is -552 (base 7) in base 6?
-1150
What is 21 (base 3) in base 12?
7
What is -22 (base 12) in base 13?
-20
199 (base 10) to base 9
241
What is -7 (base 16) in base 12?
-7
Convert 1 (base 4) to base 8.
1
Convert -71 (base 8) to base 13.
-45
Convert 3 (base 14) to base 10.
3
What is -16 (base 14) in base 5?
-40
Convert -134 (base 7) to base 14.
-54
-2 (base 15) to base 11
-2
What is -151 (base 8) in base 5?
-410
What is -1 (base 12) in base 16?
-1
Convert 22 (base 4) to base 9.
11
What is 1 (base 9) in base 8?
1
What is 5 (base 16) in base 3?
12
13 (base 13) to base 6
24
What is -10 (base 10) in base 7?
-13
What is 10000 (base 3) in base 15?
56
-2 (base 15) to base 10
-2
Convert -1001 (base 3) to base 16.
-1c
-14 (base 7) to base 14
-b
Convert -5 (base 6) to base 14.
-5
Convert -3 (base 13) to base 3.
-10
Convert 1 (base 9) to base 3.
1
What is 10 (base 4) in base 2?
100
What is -3 (base 4) in base 8?
-3
Convert 0 (base 7) to base 11.
0
-130 (base 11) to base 10
-154
What is -7e (base 16) in base 6?
-330
What is -1223 (base 4) in base 8?
-153
25 (base 6) to base 4
101
Convert 140 (base 13) to base 7.
434
-6 (base 10) to base 14
-6
-121 (base 7) to base 2
-1000000
What is 10 (base 5) in base 7?
5
Convert 0 (base 11) to base 16.
0
Convert 1010 (base 2) to base 15.
a
Convert 1 (base 2) to base 14.
1
Convert -225 (bas